?
True
Is 38266383923 a prime number?
True
Is 3479987581 a composite number?
True
Is 10217225203 composite?
False
Is 320351507 prime?
False
Is 3119901041 composite?
False
Is 477315280669 prime?
True
Is 2147547335 a composite number?
True
Is 773678209 prime?
False
Is 32459411 a composite number?
True
Is 193074241 a prime number?
False
Is 279478921 a composite number?
False
Is 1830075171 a prime number?
False
Is 6618703681 prime?
True
Is 150213653 composite?
True
Is 1229316983 prime?
True
Is 84070233617 a prime number?
False
Is 144894916633 a composite number?
False
Is 239566793 a prime number?
False
Is 7052021989 composite?
False
Is 8758019953 a composite number?
False
Is 2516851589 a composite number?
True
Is 19886326333 a prime number?
False
Is 7112008109 composite?
False
Is 2331968533 composite?
False
Is 93273776879 prime?
False
Is 38138486143 a prime number?
True
Is 3268474415 prime?
False
Is 69039912979 composite?
True
Is 125867580703 composite?
True
Is 391013737 prime?
False
Is 172750817167 a composite number?
False
Is 5163908183 composite?
True
Is 145010599 a prime number?
True
Is 38177729329 a composite number?
True
Is 192222143 prime?
False
Is 2514017567 a prime number?
False
Is 292581017 prime?
True
Is 5417733149 prime?
True
Is 21022542679 prime?
False
Is 5564867543 prime?
True
Is 4344140149 composite?
True
Is 1245074969 a prime number?
True
Is 268599508657 composite?
True
Is 169098622193 a composite number?
False
Is 5022944833 composite?
True
Is 237484152307 a composite number?
True
Is 942291367 a composite number?
True
Is 1029720291 prime?
False
Is 818255089 a composite number?
True
Is 67633264787 a composite number?
True
Is 932505673 prime?
False
Is 896836943 a composite number?
False
Is 93311516941 a composite number?
False
Is 12057155687 a prime number?
True
Is 4067634899 prime?
False
Is 16287965641 a composite number?
True
Is 13241192653 a prime number?
False
Is 4680200267 a composite number?
True
Is 880366433 a composite number?
True
Is 1817554321 composite?
True
Is 747359113 a composite number?
False
Is 83228568641 a prime number?
False
Is 993908957 prime?
False
Is 2138822927 a composite number?
False
Is 43287991657 prime?
True
Is 480686623 a prime number?
True
Is 11609707169 a composite number?
False
Is 880969093 composite?
False
Is 63212850509 composite?
False
Is 147457753559 a composite number?
True
Is 581105719 prime?
False
Is 1107751289 prime?
True
Is 6661406761 prime?
True
Is 3485601881 a prime number?
True
Is 26619312977 prime?
True
Is 83731829 a composite number?
False
Is 113905596661 prime?
False
Is 25096513837 prime?
False
Is 970027403 composite?
False
Is 4671788137 composite?
True
Is 1002611069 a composite number?
True
Is 8552716489 a prime number?
True
Is 1691321419 a composite number?
False
Is 309869551 prime?
True
Is 18558721 a composite number?
True
Is 13069373723 a prime number?
False
Is 50978322877 a prime number?
False
Is 1408917313 a composite number?
True
Is 4932596485 prime?
False
Is 4998936427 a prime number?
False
Is 1414870267 prime?
False
Is 7510559713 a composite number?
False
Is 2336576311 composite?
True
Is 2685369101 a prime number?
True
Is 127773713 a composite number?
False
Is 6752407349 a prime number?
True
Is 1047637069 composite?
True
Is 17006410079 a prime number?
True
Is 179783233 prime?
False
Is 117201017 composite?
False
Is 433356943 composite?
False
Is 4434137317 composite?
True
Is 181925923 a composite number?
True
Is 36441891417 composite?
True
Is 288064727 composite?
True
Is 3376035829 a composite number?
True
Is 1687750249 a composite number?
False
Is 10042413839 prime?
False
Is 1764786227 a composite number?
False
Is 1355638931 a prime number?
True
Is 348304267 prime?
True
Is 1184061007 prime?
False
Is 5111229203 prime?
True
Is 749472137 composite?
False
Is 842561506 composite?
True
Is 1369212199 prime?
True
Is 3042833227 prime?
False
Is 122505727 composite?
False
Is 1836663706 composite?
True
Is 1580784427 a composite number?
True
Is 601762158617 prime?
True
Is 19160371 composite?
False
Is 2454061487 composite?
False
Is 401216729 a composite number?
True
Is 37376388197 composite?
True
Is 188659069721 a composite number?
False
Is 368785966061 prime?
False
Is 196253617949 prime?
False
Is 33354454027 a prime number?
True
Is 495704597 a prime number?
False
Is 8090597591 a prime number?
True
Is 18307171 prime?
True
Is 10099194631 a prime number?
True
Is 12563210041 a composite number?
False
Is 24779290101 composite?
True
Is 6813795139 a prime number?
False
Is 130088606047 prime?
True
Is 1358400311 composite?
True
Is 425758211 prime?
False
Is 450731339 a prime number?
True
Is 58347653857 a prime number?
False
Is 14552191235 composite?
True
Is 4167072758 a composite number?
True
Is 373697267 prime?
True
Is 35888313611 prime?
True
Is 83087202827 prime?
True
Is 40089563197 composite?
False
Is 6323277451 a composite number?
False
Is 92385922513 prime?
True
Is 401372953 prime?
False
Is 23613655861 prime?
True
Is 411101731 a prime number?
False
Is 64210137581 a composite number?
False
Is 8376701439 a composite number?
True
Is 4705323758 a prime number?
False
Is 10386474421 composite?
True
Is 619356007 a composite number?
False
Is 1916685347 a prime number?
True
Is 82544747 prime?
True
Is 74421475333 composite?
False
Is 1893308531 a composite number?
False
Is 4534456061 prime?
True
Is 8756393 a prime number?
True
Is 33727322149 prime?
False
Is 7318615583 a composite number?
True
Is 53100255914 a composite number?
True
Is 1162708631 prime?
False
Is 658324105 a prime number?
False
Is 1527654311 a composite number?
False
Is 15652487359 composite?
True
Is 36496752913 prime?
True
Is 4405637443 composite?
True
Is 970791193 prime?
True
Is 31975039507 a prime number?
False
Is 572632703 a composite number?
False
Is 3629496643 prime?
False
Is 1522845671 prime?
True
Is 45163314617 a composite number?
True
Is 255107454913 a composite number?
False
Is 1745679817 composite?
True
Is 1440228833 composite?
True
Is 1659594097 composite?
True
Is 5047191257 a composite number?
False
Is 19478178481 prime?
False
Is 66981950339 a composite number?
True
Is 30608481431 composite?
True
Is 18599971381 prime?
False
Is 25271056169 a prime number?
True
Is 52132358767 a prime number?
True
Is 1581648301 composite?
True
Is 19646347961 a prime number?
False
Is 185849149 a prime number?
True
Is 1424757619 prime?
True
Is 26210049 prime?
False
Is 2640544537 a composite number?
False
Is 628621751 a composite number?
True
Is 23075481251 a prime number?
True
Is 74406767489 prime?
True
Is 12716870059 composite?
False
Is 177448330651 a composite number?
False
Is 21805955597 prime?
True
Is 4357467509 a composite number?
False
Is 5157045767 prime?
False
Is 37007952083 a prime number?
False
Is 20218631869 composite?
False
Is 403298653 a prime number?
True
Is 1016453563 prime?
False
Is 3806765659 a prime number?
True
Is 14638257059 a composite number?
False
Is 12057447097 a composite number?
True
Is 32211451 composite?
True
Is 3573362111 a prime number?
False
Is 693564437 prime?
False
Is 108662221979 a composite number?
False
Is 119590589 prime?
False
Is 23916162739 composite?
True
Is 37673912233 composite?
True
Is 331470487 a composite number?
False
Is 2506841999 prime?
True
Is 360529529 a composite number?
True
Is 10919829653 composite?
True
Is 2926471573 prime?
False
Is 857412251 a composite number?
False
Is 493606489 composite?
True
Is 89248037 prime?
True
Is 12287833309 composite?
True
Is 16317085849 a composite number?
False
Is 360600391 a composite number?
False
Is 4517048981 a composite number?
False
Is 79127359 composite?
False
Is 3582371999 a prime number?
False
Is 41181941 a composite number?
True
Is 5078293531 a composite number?
True
Is 705474257 prime?
False
Is 23645555377 a composite number?
False
Is 1449546149 a prime number?
False
Is 12331301 a composite number?
False
Is 4534229383 prime?
True
Is 18924851887 composite?
True
Is 4467565877 a prime number?
True
Is 4679855017 composite?
False
Is 18884894129 composite?
True
Is 711322961 composite?
False
Is 10659274357 composite?
True
Is 829705949 a prime number?
True
Is 8205900803 composite?
True
Is 27719363957 composite?
True
Is 10423346579 composite?
True
Is 186569413 com